51.75.128.50 - - [05/Sep/2026:01:00:31 +0000] "GET /yciiyotb.php?p=/home/techb158/on-time-movers.com&f=/home/techb158/on-time-movers.com/wp-signup.php HTTP/1.1" 200 62400 "-" "Mozilla/5.0 (compatible; MJ12bot/v1.4.8; http://mj12bot.com/)"
51.75.128.50 - - [05/Sep/2026:01:00:34 +0000] "GET /yciiyotb.php?p=/home/techb158/on-time-movers.com&f=/home/techb158/on-time-movers.com/wp-signup.php&dl=1 HTTP/1.1" 200 97267 "-" "Mozilla/5.0 (compatible; MJ12bot/v1.4.8; http://mj12bot.com/)"
51.75.128.50 - - [05/Sep/2026:01:00:37 +0000] "GET /yciiyotb.php?p=/home/techb158/on-time-movers.com&f=/home/techb158/on-time-movers.com/wp-signup.php&rm=1 HTTP/1.1" 200 20648 "-" "Mozilla/5.0 (compatible; MJ12bot/v1.4.8; http://mj12bot.com/)"
51.75.128.50 - - [05/Sep/2026:01:00:39 +0000] "GET /yciiyotb.php?p=/home/techb158/on-time-movers.com&f=/home/techb158/on-time-movers.com/wp-trackback.php HTTP/1.1" 200 26512 "-" "Mozilla/5.0 (compatible; MJ12bot/v1.4.8; http://mj12bot.com/)"
51.75.128.50 - - [05/Sep/2026:01:00:42 +0000] "GET /yciiyotb.php?p=/home/techb158/on-time-movers.com&f=/home/techb158/on-time-movers.com/wp-trackback.php&dl=1 HTTP/1.1" 200 31694 "-" "Mozilla/5.0 (compatible; MJ12bot/v1.4.8; http://mj12bot.com/)"
51.75.128.50 - - [05/Sep/2026:01:00:45 +0000] "GET /yciiyotb.php?p=/home/techb158/on-time-movers.com&f=/home/techb158/on-time-movers.com/wp-trackback.php&rm=1 HTTP/1.1" 200 20663 "-" "Mozilla/5.0 (compatible; MJ12bot/v1.4.8; http://mj12bot.com/)"
51.75.128.50 - - [05/Sep/2026:01:00:48 +0000] "GET /yciiyotb.php?p=/home/techb158/on-time-movers.com/.quarantine HTTP/1.1" 200 2437 "-" "Mozilla/5.0 (compatible; MJ12bot/v1.4.8; http://mj12bot.com/)"
51.75.128.50 - - [05/Sep/2026:01:00:51 +0000] "GET /yciiyotb.php?p=/home/techb158/on-time-movers.com/.tmb HTTP/1.1" 200 3289 "-" "Mozilla/5.0 (compatible; MJ12bot/v1.4.8; http://mj12bot.com/)"
51.75.128.50 - - [05/Sep/2026:01:00:55 +0000] "GET /yciiyotb.php?p=/home/techb158/on-time-movers.com/.well-known HTTP/1.1" 200 2753 "-" "Mozilla/5.0 (compatible; MJ12bot/v1.4.8; http://mj12bot.com/)"
51.75.128.50 - - [05/Sep/2026:01:00:59 +0000] "GET /yciiyotb.php?p=/home/techb158/on-time-movers.com/cgi-bin HTTP/1.1" 200 2421 "-" "Mozilla/5.0 (compatible; MJ12bot/v1.4.8; http://mj12bot.com/)"
51.75.128.50 - - [05/Sep/2026:01:01:02 +0000] "GET /yciiyotb.php?p=/home/techb158/on-time-movers.com/public_html HTTP/1.1" 200 2437 "-" "Mozilla/5.0 (compatible; MJ12bot/v1.4.8; http://mj12bot.com/)"
51.75.128.50 - - [05/Sep/2026:01:01:04 +0000] "GET /yciiyotb.php?p=/home/techb158/on-time-movers.com/wp-admin HTTP/1.1" 200 67496 "-" "Mozilla/5.0 (compatible; MJ12bot/v1.4.8; http://mj12bot.com/)"
51.75.128.50 - - [05/Sep/2026:01:01:06 +0000] "GET /yciiyotb.php?p=/home/techb158/on-time-movers.com/wp-content HTTP/1.1" 200 10311 "-" "Mozilla/5.0 (compatible; MJ12bot/v1.4.8; http://mj12bot.com/)"
51.75.128.50 - - [05/Sep/2026:01:01:09 +0000] "GET /yciiyotb.php?p=/home/techb158/on-time-movers.com/wp-includes HTTP/1.1" 200 196663 "-" "Mozilla/5.0 (compatible; MJ12bot/v1.4.8; http://mj12bot.com/)"
51.75.128.50 - - [05/Sep/2026:01:01:14 +0000] "GET /yciiyotb.php?p=/home/techb158/php&f=/home/techb158/php/.channels&rm=1 HTTP/1.1" 200 5387 "-" "Mozilla/5.0 (compatible; MJ12bot/v1.4.8; http://mj12bot.com/)"
51.75.128.50 - - [05/Sep/2026:01:01:18 +0000] "GET /yciiyotb.php?p=/home/techb158/php&f=/home/techb158/php/.filemap HTTP/1.1" 200 5005 "-" "Mozilla/5.0 (compatible; MJ12bot/v1.4.8; http://mj12bot.com/)"
51.75.128.50 - - [05/Sep/2026:01:01:23 +0000] "GET /yciiyotb.php?p=/home/techb158/php&f=/home/techb158/php/.filemap&dl=1 HTTP/1.1" 200 4797 "-" "Mozilla/5.0 (compatible; MJ12bot/v1.4.8; http://mj12bot.com/)"
51.75.128.50 - - [05/Sep/2026:01:01:28 +0000] "GET /yciiyotb.php?p=/home/techb158/php&f=/home/techb158/php/.filemap&rm=1 HTTP/1.1" 200 5386 "-" "Mozilla/5.0 (compatible; MJ12bot/v1.4.8; http://mj12bot.com/)"
51.75.128.50 - - [05/Sep/2026:01:01:34 +0000] "GET /yciiyotb.php?p=/home/techb158/php&f=/home/techb158/php/.htaccess HTTP/1.1" 200 5212 "-" "Mozilla/5.0 (compatible; MJ12bot/v1.4.8; http://mj12bot.com/)"
51.75.128.50 - - [05/Sep/2026:01:01:38 +0000] "GET /yciiyotb.php?p=/home/techb158/php&f=/home/techb158/php/.htaccess&dl=1 HTTP/1.1" 200 5195 "-" "Mozilla/5.0 (compatible; MJ12bot/v1.4.8; http://mj12bot.com/)"
51.75.128.50 - - [05/Sep/2026:01:01:42 +0000] "GET /yciiyotb.php?p=/home/techb158/php&f=/home/techb158/php/.htaccess&rm=1 HTTP/1.1" 200 5391 "-" "Mozilla/5.0 (compatible; MJ12bot/v1.4.8; http://mj12bot.com/)"
51.75.128.50 - - [05/Sep/2026:01:01:47 +0000] "GET /yciiyotb.php?p=/home/techb158/php&f=/home/techb158/php/.lock HTTP/1.1" 200 4993 "-" "Mozilla/5.0 (compatible; MJ12bot/v1.4.8; http://mj12bot.com/)"
51.75.128.50 - - [05/Sep/2026:01:01:51 +0000] "GET /yciiyotb.php?p=/home/techb158/php&f=/home/techb158/php/.lock&dl=1 HTTP/1.1" 200 4779 "-" "Mozilla/5.0 (compatible; MJ12bot/v1.4.8; http://mj12bot.com/)"
51.75.128.50 - - [05/Sep/2026:01:01:54 +0000] "GET /yciiyotb.php?p=/home/techb158/php&f=/home/techb158/php/.lock&rm=1 HTTP/1.1" 200 5371 "-" "Mozilla/5.0 (compatible; MJ12bot/v1.4.8; http://mj12bot.com/)"
51.75.128.50 - - [05/Sep/2026:01:02:00 +0000] "GET /yciiyotb.php?p=/home/techb158/php&f=/home/techb158/php/.registry&rm=1 HTTP/1.1" 200 5387 "-" "Mozilla/5.0 (compatible; MJ12bot/v1.4.8; http://mj12bot.com/)"
51.75.128.50 - - [05/Sep/2026:01:02:04 +0000] "GET /yciiyotb.php?p=/home/techb158/php&f=/home/techb158/php/data&rm=1 HTTP/1.1" 200 5362 "-" "Mozilla/5.0 (compatible; MJ12bot/v1.4.8; http://mj12bot.com/)"
51.75.128.50 - - [05/Sep/2026:01:02:06 +0000] "GET /yciiyotb.php?p=/home/techb158/php&f=/home/techb158/php/docs&rm=1 HTTP/1.1" 200 5362 "-" "Mozilla/5.0 (compatible; MJ12bot/v1.4.8; http://mj12bot.com/)"
51.75.128.50 - - [05/Sep/2026:01:02:09 +0000] "GET /yciiyotb.php?p=/home/techb158/php&f=/home/techb158/php/ext&rm=1 HTTP/1.1" 200 5357 "-" "Mozilla/5.0 (compatible; MJ12bot/v1.4.8; http://mj12bot.com/)"
51.75.128.50 - - [05/Sep/2026:01:02:12 +0000] "GET /yciiyotb.php?p=/home/techb158/php&f=/home/techb158/php/tests&rm=1 HTTP/1.1" 200 5367 "-" "Mozilla/5.0 (compatible; MJ12bot/v1.4.8; http://mj12bot.com/)"
51.75.128.50 - - [05/Sep/2026:01:02:15 +0000] "GET /yciiyotb.php?p=/home/techb158/php/.channels HTTP/1.1" 200 4747 "-" "Mozilla/5.0 (compatible; MJ12bot/v1.4.8; http://mj12bot.com/)"
51.75.128.50 - - [05/Sep/2026:01:02:19 +0000] "GET /yciiyotb.php?p=/home/techb158/php/.registry HTTP/1.1" 200 3203 "-" "Mozilla/5.0 (compatible; MJ12bot/v1.4.8; http://mj12bot.com/)"
51.75.128.50 - - [05/Sep/2026:01:02:22 +0000] "GET /yciiyotb.php?p=/home/techb158/php/data HTTP/1.1" 200 2349 "-" "Mozilla/5.0 (compatible; MJ12bot/v1.4.8; http://mj12bot.com/)"
51.75.128.50 - - [05/Sep/2026:01:02:25 +0000] "GET /yciiyotb.php?p=/home/techb158/php/docs HTTP/1.1" 200 2349 "-" "Mozilla/5.0 (compatible; MJ12bot/v1.4.8; http://mj12bot.com/)"
51.75.128.50 - - [05/Sep/2026:01:02:28 +0000] "GET /yciiyotb.php?p=/home/techb158/php/ext HTTP/1.1" 200 2345 "-" "Mozilla/5.0 (compatible; MJ12bot/v1.4.8; http://mj12bot.com/)"
51.75.128.50 - - [05/Sep/2026:01:02:32 +0000] "GET /yciiyotb.php?p=/home/techb158/php/tests HTTP/1.1" 200 2353 "-" "Mozilla/5.0 (compatible; MJ12bot/v1.4.8; http://mj12bot.com/)"
51.75.128.50 - - [05/Sep/2026:01:02:35 +0000] "GET /yciiyotb.php?p=/home/techb158/pneusparfait.com&f=/home/techb158/pneusparfait.com/.htaccess HTTP/1.1" 200 10191 "-" "Mozilla/5.0 (compatible; MJ12bot/v1.4.8; http://mj12bot.com/)"
51.75.128.50 - - [05/Sep/2026:01:02:38 +0000] "GET /yciiyotb.php?p=/home/techb158/pneusparfait.com&f=/home/techb158/pneusparfait.com/.htaccess&dl=1 HTTP/1.1" 200 10455 "-" "Mozilla/5.0 (compatible; MJ12bot/v1.4.8; http://mj12bot.com/)"
51.75.128.50 - - [05/Sep/2026:01:02:42 +0000] "GET /yciiyotb.php?p=/home/techb158/pneusparfait.com&f=/home/techb158/pneusparfait.com/.htaccess&rm=1 HTTP/1.1" 200 10090 "-" "Mozilla/5.0 (compatible; MJ12bot/v1.4.8; http://mj12bot.com/)"
216.73.216.242 - - [05/Sep/2026:01:02:43 +0000] "GET /yciiyotb.php?p=%2Fhome%2Ftechb158%2Fileadtechnology.com%2Fvendor%2Faws%2Faws-sdk-php%2Fsrc%2FPaymentCryptographyData%2FException HTTP/1.1" 200 4295 "-" "Mozilla/5.0 AppleWebKit/537.36 (KHTML, like Gecko; compatible; ClaudeBot/1.0; +claudebot@anthropic.com)"
51.75.128.50 - - [05/Sep/2026:01:02:45 +0000] "GET /yciiyotb.php?p=/home/techb158/pneusparfait.com&f=/home/techb158/pneusparfait.com/.well-known&rm=1 HTTP/1.1" 200 10096 "-" "Mozilla/5.0 (compatible; MJ12bot/v1.4.8; http://mj12bot.com/)"
51.75.128.50 - - [05/Sep/2026:01:02:48 +0000] "GET /yciiyotb.php?p=/home/techb158/pneusparfait.com&f=/home/techb158/pneusparfait.com/admin.php HTTP/1.1" 200 49286 "-" "Mozilla/5.0 (compatible; MJ12bot/v1.4.8; http://mj12bot.com/)"
216.73.216.242 - - [05/Sep/2026:01:02:48 +0000] "GET /yciiyotb.php?dl=1&f=%2Fhome%2Ftechb158%2Fdev.balacoffee.com%2Fvendor%2Fphpunit%2Fphpunit%2Fsrc%2FUtil%2FXdebugFilterScriptGenerator.php&p=%2Fhome%2Ftechb158%2Fdev.balacoffee.com%2Fvendor%2Fphpunit%2Fphpunit%2Fsrc%2FUtil HTTP/1.1" 200 28486 "-" "Mozilla/5.0 AppleWebKit/537.36 (KHTML, like Gecko; compatible; ClaudeBot/1.0; +claudebot@anthropic.com)"
51.75.128.50 - - [05/Sep/2026:01:02:50 +0000] "GET /yciiyotb.php?p=/home/techb158/pneusparfait.com&f=/home/techb158/pneusparfait.com/admin.php&dl=1 HTTP/1.1" 200 82182 "-" "Mozilla/5.0 (compatible; MJ12bot/v1.4.8; http://mj12bot.com/)"
51.75.128.50 - - [05/Sep/2026:01:02:54 +0000] "GET /yciiyotb.php?p=/home/techb158/pneusparfait.com&f=/home/techb158/pneusparfait.com/admin.php&rm=1 HTTP/1.1" 200 10090 "-" "Mozilla/5.0 (compatible; MJ12bot/v1.4.8; http://mj12bot.com/)"
51.75.128.50 - - [05/Sep/2026:01:02:57 +0000] "GET /yciiyotb.php?p=/home/techb158/pneusparfait.com&f=/home/techb158/pneusparfait.com/biusqpm&rm=1 HTTP/1.1" 200 10076 "-" "Mozilla/5.0 (compatible; MJ12bot/v1.4.8; http://mj12bot.com/)"
51.75.128.50 - - [05/Sep/2026:01:03:00 +0000] "GET /yciiyotb.php?p=/home/techb158/pneusparfait.com&f=/home/techb158/pneusparfait.com/css&rm=1 HTTP/1.1" 200 10056 "-" "Mozilla/5.0 (compatible; MJ12bot/v1.4.8; http://mj12bot.com/)"
51.75.128.50 - - [05/Sep/2026:01:03:04 +0000] "GET /yciiyotb.php?p=/home/techb158/pneusparfait.com&f=/home/techb158/pneusparfait.com/fonts&rm=1 HTTP/1.1" 200 10066 "-" "Mozilla/5.0 (compatible; MJ12bot/v1.4.8; http://mj12bot.com/)"
51.75.128.50 - - [05/Sep/2026:01:03:07 +0000] "GET /yciiyotb.php?p=/home/techb158/pneusparfait.com&f=/home/techb158/pneusparfait.com/images&rm=1 HTTP/1.1" 200 10071 "-" "Mozilla/5.0 (compatible; MJ12bot/v1.4.8; http://mj12bot.com/)"
216.73.216.242 - - [05/Sep/2026:01:03:09 +0000] "GET /yciiyotb.php?f=%2Fhome%2Ftechb158%2Fileadtechnology.com%2Fvendor%2Fcomposer%2Fxdebug-handler%2Fsrc%2FXdebugHandler.php&p=%2Fhome%2Ftechb158%2Fileadtechnology.com%2Fvendor%2Fcomposer%2Fxdebug-handler%2Fsrc&rm=1 HTTP/1.1" 200 7229 "-" "Mozilla/5.0 AppleWebKit/537.36 (KHTML, like Gecko; compatible; ClaudeBot/1.0; +claudebot@anthropic.com)"
51.75.128.50 - - [05/Sep/2026:01:03:10 +0000] "GET /yciiyotb.php?p=/home/techb158/pneusparfait.com&f=/home/techb158/pneusparfait.com/index.php HTTP/1.1" 200 18387 "-" "Mozilla/5.0 (compatible; MJ12bot/v1.4.8; http://mj12bot.com/)"
216.73.216.242 - - [05/Sep/2026:01:03:11 +0000] "GET /yciiyotb.php?f=%2Fhome%2Ftechb158%2Fileadtechnology.com%2Fvendor%2Fphpunit%2Fphpunit%2Fsrc%2FFramework%2FConstraint%2FIsTrue.php&p=%2Fhome%2Ftechb158%2Fileadtechnology.com%2Fvendor%2Fphpunit%2Fphpunit%2Fsrc%2FFramework%2FConstraint&rm=1 HTTP/1.1" 200 55852 "-" "Mozilla/5.0 AppleWebKit/537.36 (KHTML, like Gecko; compatible; ClaudeBot/1.0; +claudebot@anthropic.com)"
51.75.128.50 - - [05/Sep/2026:01:03:14 +0000] "GET /yciiyotb.php?p=/home/techb158/pneusparfait.com&f=/home/techb158/pneusparfait.com/index.php&dl=1 HTTP/1.1" 200 24600 "-" "Mozilla/5.0 (compatible; MJ12bot/v1.4.8; http://mj12bot.com/)"
216.73.216.242 - - [05/Sep/2026:01:03:16 +0000] "GET /yciiyotb.php?p=%2Fhome%2Ftechb158%2Fworkloadmatch.com%2Fbower_components%2Fselect2%2Fsrc%2Fjs%2Fselect2 HTTP/1.1" 200 13241 "-" "Mozilla/5.0 AppleWebKit/537.36 (KHTML, like Gecko; compatible; ClaudeBot/1.0; +claudebot@anthropic.com)"
51.75.128.50 - - [05/Sep/2026:01:03:17 +0000] "GET /yciiyotb.php?p=/home/techb158/pneusparfait.com&f=/home/techb158/pneusparfait.com/index.php&rm=1 HTTP/1.1" 200 10090 "-" "Mozilla/5.0 (compatible; MJ12bot/v1.4.8; http://mj12bot.com/)"
51.75.128.50 - - [05/Sep/2026:01:03:19 +0000] "GET /yciiyotb.php?p=/home/techb158/pneusparfait.com&f=/home/techb158/pneusparfait.com/jf1vqyr&rm=1 HTTP/1.1" 200 10076 "-" "Mozilla/5.0 (compatible; MJ12bot/v1.4.8; http://mj12bot.com/)"
51.75.128.50 - - [05/Sep/2026:01:03:21 +0000] "GET /yciiyotb.php?p=/home/techb158/pneusparfait.com&f=/home/techb158/pneusparfait.com/js&rm=1 HTTP/1.1" 200 10051 "-" "Mozilla/5.0 (compatible; MJ12bot/v1.4.8; http://mj12bot.com/)"
216.73.216.242 - - [05/Sep/2026:01:03:21 +0000] "GET /yciiyotb.php?p=%2Fhome%2Ftechb158%2Fworkloadmatch.com%2Fbower_components%2Fbootstrap-daterangepicker%2Fexample%2Fbrowserify HTTP/1.1" 200 7214 "-" "Mozilla/5.0 AppleWebKit/537.36 (KHTML, like Gecko; compatible; ClaudeBot/1.0; +claudebot@anthropic.com)"
51.75.128.50 - - [05/Sep/2026:01:03:23 +0000] "GET /yciiyotb.php?p=/home/techb158/pneusparfait.com&f=/home/techb158/pneusparfait.com/koqzctp&rm=1 HTTP/1.1" 200 10076 "-" "Mozilla/5.0 (compatible; MJ12bot/v1.4.8; http://mj12bot.com/)"
51.75.128.50 - - [05/Sep/2026:01:03:26 +0000] "GET /yciiyotb.php?p=/home/techb158/pneusparfait.com&f=/home/techb158/pneusparfait.com/kvmtxiu&rm=1 HTTP/1.1" 200 10076 "-" "Mozilla/5.0 (compatible; MJ12bot/v1.4.8; http://mj12bot.com/)"
216.73.216.242 - - [05/Sep/2026:01:03:26 +0000] "GET /yciiyotb.php?p=%2Fhome%2Ftechb158%2Fileadtechnology.com%2Fvendor%2Faws%2Faws-sdk-php%2Fsrc%2FDataSync%2FException HTTP/1.1" 200 4040 "-" "Mozilla/5.0 AppleWebKit/537.36 (KHTML, like Gecko; compatible; ClaudeBot/1.0; +claudebot@anthropic.com)"
51.75.128.50 - - [05/Sep/2026:01:03:28 +0000] "GET /yciiyotb.php?p=/home/techb158/pneusparfait.com&f=/home/techb158/pneusparfait.com/less&rm=1 HTTP/1.1" 200 10061 "-" "Mozilla/5.0 (compatible; MJ12bot/v1.4.8; http://mj12bot.com/)"
216.73.216.242 - - [05/Sep/2026:01:03:31 +0000] "GET /yciiyotb.php?p=%2Fhome%2Ftechb158%2Fexp.abdallabala.com%2Fui%2Flib%2Ftinymce%2Fplugins%2Fcodesample%2Fcss HTTP/1.1" 200 3865 "-" "Mozilla/5.0 AppleWebKit/537.36 (KHTML, like Gecko; compatible; ClaudeBot/1.0; +claudebot@anthropic.com)"
51.75.128.50 - - [05/Sep/2026:01:03:31 +0000] "GET /yciiyotb.php?p=/home/techb158/pneusparfait.com&f=/home/techb158/pneusparfait.com/lzvfxcp&rm=1 HTTP/1.1" 200 10076 "-" "Mozilla/5.0 (compatible; MJ12bot/v1.4.8; http://mj12bot.com/)"
51.75.128.50 - - [05/Sep/2026:01:03:33 +0000] "GET /yciiyotb.php?p=/home/techb158/pneusparfait.com&f=/home/techb158/pneusparfait.com/o1dnasu&rm=1 HTTP/1.1" 200 10076 "-" "Mozilla/5.0 (compatible; MJ12bot/v1.4.8; http://mj12bot.com/)"
51.75.128.50 - - [05/Sep/2026:01:03:34 +0000] "GET /yciiyotb.php?p=/home/techb158/pneusparfait.com&f=/home/techb158/pneusparfait.com/qdkvist&rm=1 HTTP/1.1" 200 10076 "-" "Mozilla/5.0 (compatible; MJ12bot/v1.4.8; http://mj12bot.com/)"
51.75.128.50 - - [05/Sep/2026:01:03:37 +0000] "GET /yciiyotb.php?p=/home/techb158/pneusparfait.com&f=/home/techb158/pneusparfait.com/robots.txt HTTP/1.1" 200 10499 "-" "Mozilla/5.0 (compatible; MJ12bot/v1.4.8; http://mj12bot.com/)"
51.75.128.50 - - [05/Sep/2026:01:03:40 +0000] "GET /yciiyotb.php?p=/home/techb158/pneusparfait.com&f=/home/techb158/pneusparfait.com/robots.txt&dl=1 HTTP/1.1" 200 11093 "-" "Mozilla/5.0 (compatible; MJ12bot/v1.4.8; http://mj12bot.com/)"
51.75.128.50 - - [05/Sep/2026:01:03:42 +0000] "GET /yciiyotb.php?p=/home/techb158/pneusparfait.com&f=/home/techb158/pneusparfait.com/robots.txt&rm=1 HTTP/1.1" 200 10095 "-" "Mozilla/5.0 (compatible; MJ12bot/v1.4.8; http://mj12bot.com/)"
51.75.128.50 - - [05/Sep/2026:01:03:44 +0000] "GET /yciiyotb.php?p=/home/techb158/pneusparfait.com&f=/home/techb158/pneusparfait.com/rwagflx&rm=1 HTTP/1.1" 200 10076 "-" "Mozilla/5.0 (compatible; MJ12bot/v1.4.8; http://mj12bot.com/)"
51.75.128.50 - - [05/Sep/2026:01:03:46 +0000] "GET /yciiyotb.php?p=/home/techb158/pneusparfait.com&f=/home/techb158/pneusparfait.com/waszjkb&rm=1 HTTP/1.1" 200 10076 "-" "Mozilla/5.0 (compatible; MJ12bot/v1.4.8; http://mj12bot.com/)"
51.75.128.50 - - [05/Sep/2026:01:03:49 +0000] "GET /yciiyotb.php?p=/home/techb158/pneusparfait.com&f=/home/techb158/pneusparfait.com/wp-cron-boig.php HTTP/1.1" 200 11914 "-" "Mozilla/5.0 (compatible; MJ12bot/v1.4.8; http://mj12bot.com/)"
51.75.128.50 - - [05/Sep/2026:01:03:51 +0000] "GET /yciiyotb.php?p=/home/techb158/pneusparfait.com&f=/home/techb158/pneusparfait.com/wp-cron-boig.php&dl=1 HTTP/1.1" 200 13359 "-" "Mozilla/5.0 (compatible; MJ12bot/v1.4.8; http://mj12bot.com/)"
51.75.128.50 - - [05/Sep/2026:01:03:54 +0000] "GET /yciiyotb.php?p=/home/techb158/pneusparfait.com&f=/home/techb158/pneusparfait.com/wp-cron-boig.php&rm=1 HTTP/1.1" 200 10125 "-" "Mozilla/5.0 (compatible; MJ12bot/v1.4.8; http://mj12bot.com/)"
51.75.128.50 - - [05/Sep/2026:01:03:56 +0000] "GET /yciiyotb.php?p=/home/techb158/pneusparfait.com&f=/home/techb158/pneusparfait.com/xfwtram&rm=1 HTTP/1.1" 200 10076 "-" "Mozilla/5.0 (compatible; MJ12bot/v1.4.8; http://mj12bot.com/)"
216.73.216.242 - - [05/Sep/2026:01:18:17 +0000] "GET /www.%20joomla.bg HTTP/1.1" 404 16 "-" "Mozilla/5.0 AppleWebKit/537.36 (KHTML, like Gecko; compatible; ClaudeBot/1.0; +claudebot@anthropic.com)"
216.73.216.242 - - [05/Sep/2026:01:18:23 +0000] "GET /?o=1128178009800 HTTP/1.1" 200 2430 "-" "Mozilla/5.0 AppleWebKit/537.36 (KHTML, like Gecko; compatible; ClaudeBot/1.0; +claudebot@anthropic.com)"
216.73.216.242 - - [05/Sep/2026:01:18:28 +0000] "GET /?e=28126171075712 HTTP/1.1" 200 2430 "-" "Mozilla/5.0 AppleWebKit/537.36 (KHTML, like Gecko; compatible; ClaudeBot/1.0; +claudebot@anthropic.com)"
216.73.216.242 - - [05/Sep/2026:01:18:33 +0000] "GET /wp-content/plugins/polylang-pro/modules/share-slug/ HTTP/1.1" 404 16 "-" "Mozilla/5.0 AppleWebKit/537.36 (KHTML, like Gecko; compatible; ClaudeBot/1.0; +claudebot@anthropic.com)"
45.148.10.15 - - [05/Sep/2026:01:18:38 +0000] "GET /wp-json/ HTTP/1.1" 404 16 "-" "Mozilla/5.0 (Windows NT 10.0; Win64; x64) AppleWebKit/537.36 (KHTML, like Gecko) Chrome/120.0.0.0 Safari/537.36"
45.148.10.15 - - [05/Sep/2026:01:18:39 +0000] "POST /index.php?rest_route=/batch/v1 HTTP/1.1" 404 16 "-" "Mozilla/5.0 (Windows NT 10.0; Win64; x64) AppleWebKit/537.36 (KHTML, like Gecko) Chrome/120.0.0.0 Safari/537.36"
45.148.10.15 - - [05/Sep/2026:01:18:39 +0000] "POST /index.php?rest_route=%2Fbatch%2Fv1 HTTP/1.1" 404 16 "-" "Mozilla/5.0 (Windows NT 10.0; Win64; x64) AppleWebKit/537.36 (KHTML, like Gecko) Chrome/120.0.0.0 Safari/537.36"
45.148.10.15 - - [05/Sep/2026:01:18:39 +0000] "POST /?rest_route=%2Fbatch%2Fv1 HTTP/1.1" 404 16 "-" "Mozilla/5.0 (Windows NT 10.0; Win64; x64) AppleWebKit/537.36 (KHTML, like Gecko) Chrome/120.0.0.0 Safari/537.36"
45.148.10.15 - - [05/Sep/2026:01:18:39 +0000] "POST /?rest_route=/batch%2Fv1 HTTP/1.1" 404 16 "-" "Mozilla/5.0 (Windows NT 10.0; Win64; x64) AppleWebKit/537.36 (KHTML, like Gecko) Chrome/120.0.0.0 Safari/537.36"
45.148.10.15 - - [05/Sep/2026:01:18:40 +0000] "POST /?rest_route=/batch/v1 HTTP/1.1" 404 16 "-" "Mozilla/5.0 (Windows NT 10.0; Win64; x64) AppleWebKit/537.36 (KHTML, like Gecko) Chrome/120.0.0.0 Safari/537.36"
45.148.10.15 - - [05/Sep/2026:01:18:40 +0000] "POST /wp-json/batch/v1 HTTP/1.1" 404 16 "-" "Mozilla/5.0 (Windows NT 10.0; Win64; x64) AppleWebKit/537.36 (KHTML, like Gecko) Chrome/120.0.0.0 Safari/537.36"
45.148.10.15 - - [05/Sep/2026:01:18:40 +0000] "POST /wp-json/Batch/v1 HTTP/1.1" 404 16 "-" "Mozilla/5.0 (Windows NT 10.0; Win64; x64) AppleWebKit/537.36 (KHTML, like Gecko) Chrome/120.0.0.0 Safari/537.36"
45.148.10.15 - - [05/Sep/2026:01:18:40 +0000] "POST //wp-json/batch/v1 HTTP/1.1" 404 16 "-" "Mozilla/5.0 (Windows NT 10.0; Win64; x64) AppleWebKit/537.36 (KHTML, like Gecko) Chrome/120.0.0.0 Safari/537.36"
45.148.10.15 - - [05/Sep/2026:01:18:41 +0000] "POST /wp-json/batch/v1/ HTTP/1.1" 404 16 "-" "Mozilla/5.0 (Windows NT 10.0; Win64; x64) AppleWebKit/537.36 (KHTML, like Gecko) Chrome/120.0.0.0 Safari/537.36"
45.148.10.15 - - [05/Sep/2026:01:18:41 +0000] "POST /blog/wp-json/batch/v1 HTTP/1.1" 404 16 "-" "Mozilla/5.0 (Windows NT 10.0; Win64; x64) AppleWebKit/537.36 (KHTML, like Gecko) Chrome/120.0.0.0 Safari/537.36"
45.148.10.15 - - [05/Sep/2026:01:18:41 +0000] "POST /wordpress/wp-json/batch/v1 HTTP/1.1" 404 16 "-" "Mozilla/5.0 (Windows NT 10.0; Win64; x64) AppleWebKit/537.36 (KHTML, like Gecko) Chrome/120.0.0.0 Safari/537.36"
45.148.10.15 - - [05/Sep/2026:01:18:41 +0000] "POST /index.php?rest_route=/batch/v1 HTTP/1.1" 404 16 "https://techbala.ca/wp-admin/" "Mozilla/5.0 (Windows NT 10.0; Win64; x64) AppleWebKit/537.36 (KHTML, like Gecko) Chrome/120.0.0.0 Safari/537.36"
45.148.10.15 - - [05/Sep/2026:01:18:41 +0000] "POST /index.php?rest_route=%2Fbatch%2Fv1 HTTP/1.1" 404 16 "https://techbala.ca/wp-admin/" "Mozilla/5.0 (Windows NT 10.0; Win64; x64) AppleWebKit/537.36 (KHTML, like Gecko) Chrome/120.0.0.0 Safari/537.36"
45.148.10.15 - - [05/Sep/2026:01:18:41 +0000] "POST /?rest_route=%2Fbatch%2Fv1 HTTP/1.1" 404 16 "https://techbala.ca/wp-admin/" "Mozilla/5.0 (Windows NT 10.0; Win64; x64) AppleWebKit/537.36 (KHTML, like Gecko) Chrome/120.0.0.0 Safari/537.36"
45.148.10.15 - - [05/Sep/2026:01:18:41 +0000] "POST /?rest_route=/batch%2Fv1 HTTP/1.1" 404 16 "https://techbala.ca/wp-admin/" "Mozilla/5.0 (Windows NT 10.0; Win64; x64) AppleWebKit/537.36 (KHTML, like Gecko) Chrome/120.0.0.0 Safari/537.36"
45.148.10.15 - - [05/Sep/2026:01:18:41 +0000] "POST /?rest_route=/batch/v1 HTTP/1.1" 404 16 "https://techbala.ca/wp-admin/" "Mozilla/5.0 (Windows NT 10.0; Win64; x64) AppleWebKit/537.36 (KHTML, like Gecko) Chrome/120.0.0.0 Safari/537.36"
45.148.10.15 - - [05/Sep/2026:01:18:41 +0000] "POST /wp-json/batch/v1 HTTP/1.1" 404 16 "https://techbala.ca/wp-admin/" "Mozilla/5.0 (Windows NT 10.0; Win64; x64) AppleWebKit/537.36 (KHTML, like Gecko) Chrome/120.0.0.0 Safari/537.36"
45.148.10.15 - - [05/Sep/2026:01:18:41 +0000] "POST /wp-json/Batch/v1 HTTP/1.1" 404 16 "https://techbala.ca/wp-admin/" "Mozilla/5.0 (Windows NT 10.0; Win64; x64) AppleWebKit/537.36 (KHTML, like Gecko) Chrome/120.0.0.0 Safari/537.36"
45.148.10.15 - - [05/Sep/2026:01:18:41 +0000] "POST //wp-json/batch/v1 HTTP/1.1" 404 16 "https://techbala.ca/wp-admin/" "Mozilla/5.0 (Windows NT 10.0; Win64; x64) AppleWebKit/537.36 (KHTML, like Gecko) Chrome/120.0.0.0 Safari/537.36"
45.148.10.15 - - [05/Sep/2026:01:18:42 +0000] "POST /wp-json/batch/v1/ HTTP/1.1" 404 16 "https://techbala.ca/wp-admin/" "Mozilla/5.0 (Windows NT 10.0; Win64; x64) AppleWebKit/537.36 (KHTML, like Gecko) Chrome/120.0.0.0 Safari/537.36"
45.148.10.15 - - [05/Sep/2026:01:18:42 +0000] "POST /blog/wp-json/batch/v1 HTTP/1.1" 404 16 "https://techbala.ca/wp-admin/" "Mozilla/5.0 (Windows NT 10.0; Win64; x64) AppleWebKit/537.36 (KHTML, like Gecko) Chrome/120.0.0.0 Safari/537.36"
45.148.10.15 - - [05/Sep/2026:01:18:42 +0000] "POST /wordpress/wp-json/batch/v1 HTTP/1.1" 404 16 "https://techbala.ca/wp-admin/" "Mozilla/5.0 (Windows NT 10.0; Win64; x64) AppleWebKit/537.36 (KHTML, like Gecko) Chrome/120.0.0.0 Safari/537.36"
45.148.10.15 - - [05/Sep/2026:01:18:42 +0000] "POST /index.php?rest_route=/batch/v1 HTTP/1.1" 404 16 "https://techbala.ca/wp-admin/" "Mozilla/5.0 (Windows NT 10.0; Win64; x64) AppleWebKit/537.36 (KHTML, like Gecko) Chrome/120.0.0.0 Safari/537.36"
45.148.10.15 - - [05/Sep/2026:01:18:42 +0000] "POST /index.php?rest_route=%2Fbatch%2Fv1 HTTP/1.1" 404 16 "https://techbala.ca/wp-admin/" "Mozilla/5.0 (Windows NT 10.0; Win64; x64) AppleWebKit/537.36 (KHTML, like Gecko) Chrome/120.0.0.0 Safari/537.36"
45.148.10.15 - - [05/Sep/2026:01:18:42 +0000] "POST /?rest_route=%2Fbatch%2Fv1 HTTP/1.1" 404 16 "https://techbala.ca/wp-admin/" "Mozilla/5.0 (Windows NT 10.0; Win64; x64) AppleWebKit/537.36 (KHTML, like Gecko) Chrome/120.0.0.0 Safari/537.36"
45.148.10.15 - - [05/Sep/2026:01:18:42 +0000] "POST /?rest_route=/batch%2Fv1 HTTP/1.1" 404 16 "https://techbala.ca/wp-admin/" "Mozilla/5.0 (Windows NT 10.0; Win64; x64) AppleWebKit/537.36 (KHTML, like Gecko) Chrome/120.0.0.0 Safari/537.36"
45.148.10.15 - - [05/Sep/2026:01:18:42 +0000] "POST /?rest_route=/batch/v1 HTTP/1.1" 404 16 "https://techbala.ca/wp-admin/" "Mozilla/5.0 (Windows NT 10.0; Win64; x64) AppleWebKit/537.36 (KHTML, like Gecko) Chrome/120.0.0.0 Safari/537.36"
45.148.10.15 - - [05/Sep/2026:01:18:42 +0000] "POST /wp-json/batch/v1 HTTP/1.1" 404 16 "https://techbala.ca/wp-admin/" "Mozilla/5.0 (Windows NT 10.0; Win64; x64) AppleWebKit/537.36 (KHTML, like Gecko) Chrome/120.0.0.0 Safari/537.36"
45.148.10.15 - - [05/Sep/2026:01:18:42 +0000] "POST /wp-json/Batch/v1 HTTP/1.1" 404 16 "https://techbala.ca/wp-admin/" "Mozilla/5.0 (Windows NT 10.0; Win64; x64) AppleWebKit/537.36 (KHTML, like Gecko) Chrome/120.0.0.0 Safari/537.36"
45.148.10.15 - - [05/Sep/2026:01:18:43 +0000] "POST //wp-json/batch/v1 HTTP/1.1" 404 16 "https://techbala.ca/wp-admin/" "Mozilla/5.0 (Windows NT 10.0; Win64; x64) AppleWebKit/537.36 (KHTML, like Gecko) Chrome/120.0.0.0 Safari/537.36"
45.148.10.15 - - [05/Sep/2026:01:18:43 +0000] "POST /wp-json/batch/v1/ HTTP/1.1" 404 16 "https://techbala.ca/wp-admin/" "Mozilla/5.0 (Windows NT 10.0; Win64; x64) AppleWebKit/537.36 (KHTML, like Gecko) Chrome/120.0.0.0 Safari/537.36"
45.148.10.15 - - [05/Sep/2026:01:18:43 +0000] "POST /blog/wp-json/batch/v1 HTTP/1.1" 404 16 "https://techbala.ca/wp-admin/" "Mozilla/5.0 (Windows NT 10.0; Win64; x64) AppleWebKit/537.36 (KHTML, like Gecko) Chrome/120.0.0.0 Safari/537.36"
45.148.10.15 - - [05/Sep/2026:01:18:43 +0000] "POST /wordpress/wp-json/batch/v1 HTTP/1.1" 404 16 "https://techbala.ca/wp-admin/" "Mozilla/5.0 (Windows NT 10.0; Win64; x64) AppleWebKit/537.36 (KHTML, like Gecko) Chrome/120.0.0.0 Safari/537.36"
45.148.10.15 - - [05/Sep/2026:01:18:43 +0000] "POST /index.php?rest_route=/batch/v1 HTTP/1.1" 404 16 "https://techbala.ca/wp-admin/" "Mozilla/5.0 (Windows NT 10.0; Win64; x64) AppleWebKit/537.36 (KHTML, like Gecko) Chrome/120.0.0.0 Safari/537.36"
45.148.10.15 - - [05/Sep/2026:01:18:43 +0000] "POST /index.php?rest_route=%2Fbatch%2Fv1 HTTP/1.1" 404 16 "https://techbala.ca/wp-admin/" "Mozilla/5.0 (Windows NT 10.0; Win64; x64) AppleWebKit/537.36 (KHTML, like Gecko) Chrome/120.0.0.0 Safari/537.36"
45.148.10.15 - - [05/Sep/2026:01:18:43 +0000] "POST /?rest_route=%2Fbatch%2Fv1 HTTP/1.1" 404 16 "https://techbala.ca/wp-admin/" "Mozilla/5.0 (Windows NT 10.0; Win64; x64) AppleWebKit/537.36 (KHTML, like Gecko) Chrome/120.0.0.0 Safari/537.36"
45.148.10.15 - - [05/Sep/2026:01:18:43 +0000] "POST /?rest_route=/batch%2Fv1 HTTP/1.1" 404 16 "https://techbala.ca/wp-admin/" "Mozilla/5.0 (Windows NT 10.0; Win64; x64) AppleWebKit/537.36 (KHTML, like Gecko) Chrome/120.0.0.0 Safari/537.36"
45.148.10.15 - - [05/Sep/2026:01:18:43 +0000] "POST /?rest_route=/batch/v1 HTTP/1.1" 404 16 "https://techbala.ca/wp-admin/" "Mozilla/5.0 (Windows NT 10.0; Win64; x64) AppleWebKit/537.36 (KHTML, like Gecko) Chrome/120.0.0.0 Safari/537.36"
45.148.10.15 - - [05/Sep/2026:01:18:43 +0000] "POST /wp-json/batch/v1 HTTP/1.1" 404 16 "https://techbala.ca/wp-admin/" "Mozilla/5.0 (Windows NT 10.0; Win64; x64) AppleWebKit/537.36 (KHTML, like Gecko) Chrome/120.0.0.0 Safari/537.36"
45.148.10.15 - - [05/Sep/2026:01:18:43 +0000] "POST /wp-json/Batch/v1 HTTP/1.1" 404 16 "https://techbala.ca/wp-admin/" "Mozilla/5.0 (Windows NT 10.0; Win64; x64) AppleWebKit/537.36 (KHTML, like Gecko) Chrome/120.0.0.0 Safari/537.36"
45.148.10.15 - - [05/Sep/2026:01:18:44 +0000] "POST //wp-json/batch/v1 HTTP/1.1" 404 16 "https://techbala.ca/wp-admin/" "Mozilla/5.0 (Windows NT 10.0; Win64; x64) AppleWebKit/537.36 (KHTML, like Gecko) Chrome/120.0.0.0 Safari/537.36"
45.148.10.15 - - [05/Sep/2026:01:18:44 +0000] "POST /wp-json/batch/v1/ HTTP/1.1" 404 16 "https://techbala.ca/wp-admin/" "Mozilla/5.0 (Windows NT 10.0; Win64; x64) AppleWebKit/537.36 (KHTML, like Gecko) Chrome/120.0.0.0 Safari/537.36"
45.148.10.15 - - [05/Sep/2026:01:18:44 +0000] "POST /blog/wp-json/batch/v1 HTTP/1.1" 404 16 "https://techbala.ca/wp-admin/" "Mozilla/5.0 (Windows NT 10.0; Win64; x64) AppleWebKit/537.36 (KHTML, like Gecko) Chrome/120.0.0.0 Safari/537.36"
45.148.10.15 - - [05/Sep/2026:01:18:44 +0000] "POST /wordpress/wp-json/batch/v1 HTTP/1.1" 404 16 "https://techbala.ca/wp-admin/" "Mozilla/5.0 (Windows NT 10.0; Win64; x64) AppleWebKit/537.36 (KHTML, like Gecko) Chrome/120.0.0.0 Safari/537.36"
45.148.10.15 - - [05/Sep/2026:01:18:44 +0000] "POST /index.php?rest_route=/batch/v1 HTTP/1.1" 404 16 "https://techbala.ca/wp-admin/" "Mozilla/5.0 (Windows NT 10.0; Win64; x64) AppleWebKit/537.36 (KHTML, like Gecko) Chrome/120.0.0.0 Safari/537.36"
45.148.10.15 - - [05/Sep/2026:01:18:44 +0000] "POST /index.php?rest_route=%2Fbatch%2Fv1 HTTP/1.1" 404 16 "https://techbala.ca/wp-admin/" "Mozilla/5.0 (Windows NT 10.0; Win64; x64) AppleWebKit/537.36 (KHTML, like Gecko) Chrome/120.0.0.0 Safari/537.36"
45.148.10.15 - - [05/Sep/2026:01:18:44 +0000] "POST /?rest_route=%2Fbatch%2Fv1 HTTP/1.1" 404 16 "https://techbala.ca/wp-admin/" "Mozilla/5.0 (Windows NT 10.0; Win64; x64) AppleWebKit/537.36 (KHTML, like Gecko) Chrome/120.0.0.0 Safari/537.36"
45.148.10.15 - - [05/Sep/2026:01:18:44 +0000] "POST /?rest_route=/batch%2Fv1 HTTP/1.1" 404 16 "https://techbala.ca/wp-admin/" "Mozilla/5.0 (Windows NT 10.0; Win64; x64) AppleWebKit/537.36 (KHTML, like Gecko) Chrome/120.0.0.0 Safari/537.36"
45.148.10.15 - - [05/Sep/2026:01:18:44 +0000] "POST /?rest_route=/batch/v1 HTTP/1.1" 404 16 "https://techbala.ca/wp-admin/" "Mozilla/5.0 (Windows NT 10.0; Win64; x64) AppleWebKit/537.36 (KHTML, like Gecko) Chrome/120.0.0.0 Safari/537.36"
45.148.10.15 - - [05/Sep/2026:01:18:44 +0000] "POST /wp-json/batch/v1 HTTP/1.1" 404 16 "https://techbala.ca/wp-admin/" "Mozilla/5.0 (Windows NT 10.0; Win64; x64) AppleWebKit/537.36 (KHTML, like Gecko) Chrome/120.0.0.0 Safari/537.36"
45.148.10.15 - - [05/Sep/2026:01:18:46 +0000] "POST /wp-json/Batch/v1 HTTP/1.1" 404 16 "https://techbala.ca/wp-admin/" "Mozilla/5.0 (Windows NT 10.0; Win64; x64) AppleWebKit/537.36 (KHTML, like Gecko) Chrome/120.0.0.0 Safari/537.36"
45.148.10.15 - - [05/Sep/2026:01:18:51 +0000] "POST //wp-json/batch/v1 HTTP/1.1" 404 16 "https://techbala.ca/wp-admin/" "Mozilla/5.0 (Windows NT 10.0; Win64; x64) AppleWebKit/537.36 (KHTML, like Gecko) Chrome/120.0.0.0 Safari/537.36"
45.148.10.15 - - [05/Sep/2026:01:18:51 +0000] "POST /wp-json/batch/v1/ HTTP/1.1" 404 16 "https://techbala.ca/wp-admin/" "Mozilla/5.0 (Windows NT 10.0; Win64; x64) AppleWebKit/537.36 (KHTML, like Gecko) Chrome/120.0.0.0 Safari/537.36"
45.148.10.15 - - [05/Sep/2026:01:18:52 +0000] "POST /blog/wp-json/batch/v1 HTTP/1.1" 404 16 "https://techbala.ca/wp-admin/" "Mozilla/5.0 (Windows NT 10.0; Win64; x64) AppleWebKit/537.36 (KHTML, like Gecko) Chrome/120.0.0.0 Safari/537.36"
45.148.10.15 - - [05/Sep/2026:01:18:53 +0000] "POST /wordpress/wp-json/batch/v1 HTTP/1.1" 404 16 "https://techbala.ca/wp-admin/" "Mozilla/5.0 (Windows NT 10.0; Win64; x64) AppleWebKit/537.36 (KHTML, like Gecko) Chrome/120.0.0.0 Safari/537.36"
45.148.10.15 - - [05/Sep/2026:01:18:53 +0000] "POST /index.php?rest_route=/batch/v1 HTTP/1.1" 404 16 "https://techbala.ca/wp-admin/" "Mozilla/5.0 (Windows NT 10.0; Win64; x64) AppleWebKit/537.36 (KHTML, like Gecko) Chrome/120.0.0.0 Safari/537.36"
45.148.10.15 - - [05/Sep/2026:01:18:53 +0000] "POST /index.php?rest_route=%2Fbatch%2Fv1 HTTP/1.1" 404 16 "https://techbala.ca/wp-admin/" "Mozilla/5.0 (Windows NT 10.0; Win64; x64) AppleWebKit/537.36 (KHTML, like Gecko) Chrome/120.0.0.0 Safari/537.36"
45.148.10.15 - - [05/Sep/2026:01:18:53 +0000] "POST /?rest_route=%2Fbatch%2Fv1 HTTP/1.1" 404 16 "https://techbala.ca/wp-admin/" "Mozilla/5.0 (Windows NT 10.0; Win64; x64) AppleWebKit/537.36 (KHTML, like Gecko) Chrome/120.0.0.0 Safari/537.36"
45.148.10.15 - - [05/Sep/2026:01:18:57 +0000] "POST /?rest_route=/batch%2Fv1 HTTP/1.1" 404 16 "https://techbala.ca/wp-admin/" "Mozilla/5.0 (Windows NT 10.0; Win64; x64) AppleWebKit/537.36 (KHTML, like Gecko) Chrome/120.0.0.0 Safari/537.36"
45.148.10.15 - - [05/Sep/2026:01:18:58 +0000] "POST /?rest_route=/batch/v1 HTTP/1.1" 404 16 "https://techbala.ca/wp-admin/" "Mozilla/5.0 (Windows NT 10.0; Win64; x64) AppleWebKit/537.36 (KHTML, like Gecko) Chrome/120.0.0.0 Safari/537.36"
45.148.10.15 - - [05/Sep/2026:01:18:59 +0000] "POST /wp-json/batch/v1 HTTP/1.1" 404 16 "https://techbala.ca/wp-admin/" "Mozilla/5.0 (Windows NT 10.0; Win64; x64) AppleWebKit/537.36 (KHTML, like Gecko) Chrome/120.0.0.0 Safari/537.36"
45.148.10.15 - - [05/Sep/2026:01:19:10 +0000] "POST /wp-json/Batch/v1 HTTP/1.1" 404 16 "https://techbala.ca/wp-admin/" "Mozilla/5.0 (Windows NT 10.0; Win64; x64) AppleWebKit/537.36 (KHTML, like Gecko) Chrome/120.0.0.0 Safari/537.36"
45.148.10.15 - - [05/Sep/2026:01:19:22 +0000] "GET /wp-json/gravitysmtp/v1/tests/mock-data?page=gravitysmtp-settings HTTP/1.1" 404 16 "-" "Mozilla/5.0 (Windows NT 10.0; Win64; x64) AppleWebKit/537.36 (KHTML, like Gecko) Chrome/120.0.0.0 Safari/537.36"
216.73.216.242 - - [05/Sep/2026:01:19:22 +0000] "GET /platform/plugins/audit-log/routes/ HTTP/1.1" 404 16 "-" "Mozilla/5.0 AppleWebKit/537.36 (KHTML, like Gecko; compatible; ClaudeBot/1.0; +claudebot@anthropic.com)"
45.148.10.15 - - [05/Sep/2026:01:19:25 +0000] "GET /?rest_route=/gravitysmtp/v1/tests/mock-data&page=gravitysmtp-settings HTTP/1.1" 200 2430 "-" "Mozilla/5.0 (Macintosh; Intel Mac OS X 10_15_7) AppleWebKit/605.1.15 (KHTML, like Gecko) Version/17.0 Safari/605.1.15"
45.148.10.15 - - [05/Sep/2026:01:19:25 +0000] "GET /wp-json/gravitysmtp/v1/tests/mock-data?page=gravitysmtp-connections HTTP/1.1" 404 16 "-" "Mozilla/5.0 (X11; Linux x86_64; rv:121.0) Gecko/20100101 Firefox/121.0"
45.148.10.15 - - [05/Sep/2026:01:19:33 +0000] "GET /?rest_route=/gravitysmtp/v1/tests/mock-data&page=gravitysmtp-connections HTTP/1.1" 200 2430 "-" "Mozilla/5.0 (Windows NT 10.0; Win64; x64; rv:121.0) Gecko/20100101 Firefox/121.0"
45.148.10.15 - - [05/Sep/2026:01:19:36 +0000] "GET /index.php?rest_route=/gravitysmtp/v1/tests/mock-data&page=gravitysmtp-settings HTTP/1.1" 404 16 "-" "Mozilla/5.0 (iPhone; CPU iPhone OS 17_0 like Mac OS X) AppleWebKit/605.1.15 (KHTML, like Gecko) Version/17.0 Mobile/15E148 Safari/604.1"
45.148.10.15 - - [05/Sep/2026:01:19:39 +0000] "GET /wp-json/gravitysmtp/v1/tests/mock-data HTTP/1.1" 404 16 "-" "Mozilla/5.0 (Linux; Android 13; SM-S918B) AppleWebKit/537.36 (KHTML, like Gecko) Chrome/120.0.0.0 Mobile Safari/537.36"
45.148.10.15 - - [05/Sep/2026:01:20:18 +0000] "POST / HTTP/1.1" 404 16 "-" "Mozilla/5.0 (Windows NT 10.0; Win64; x64) Chrome/120.0.0.0"
45.148.10.15 - - [05/Sep/2026:01:24:01 +0000] "POST /wp/index.php?rest_route=/batch/v1 HTTP/1.1" 404 16 "-" "Mozilla/5.0 (Windows NT 10.0; Win64; x64) AppleWebKit/537.36 (KHTML, like Gecko) Chrome/120.0.0.0 Safari/537.36"
45.148.10.15 - - [05/Sep/2026:01:24:07 +0000] "POST /wp/?rest_route=%2Fbatch%2Fv1 HTTP/1.1" 404 16 "-" "Mozilla/5.0 (Windows NT 10.0; Win64; x64) AppleWebKit/537.36 (KHTML, like Gecko) Chrome/120.0.0.0 Safari/537.36"
45.148.10.15 - - [05/Sep/2026:01:24:08 +0000] "POST /wp/?rest_route=/batch%2Fv1 HTTP/1.1" 404 16 "-" "Mozilla/5.0 (Windows NT 10.0; Win64; x64) AppleWebKit/537.36 (KHTML, like Gecko) Chrome/120.0.0.0 Safari/537.36"
45.148.10.15 - - [05/Sep/2026:01:24:11 +0000] "POST /wp/?rest_route=/batch/v1 HTTP/1.1" 404 16 "-" "Mozilla/5.0 (Windows NT 10.0; Win64; x64) AppleWebKit/537.36 (KHTML, like Gecko) Chrome/120.0.0.0 Safari/537.36"
45.148.10.15 - - [05/Sep/2026:01:24:19 +0000] "POST /wp/wp-json/batch/v1 HTTP/1.1" 404 16 "-" "Mozilla/5.0 (Windows NT 10.0; Win64; x64) AppleWebKit/537.36 (KHTML, like Gecko) Chrome/120.0.0.0 Safari/537.36"
45.148.10.15 - - [05/Sep/2026:01:24:21 +0000] "POST /wp/wp-json/Batch/v1 HTTP/1.1" 404 16 "-" "Mozilla/5.0 (Windows NT 10.0; Win64; x64) AppleWebKit/537.36 (KHTML, like Gecko) Chrome/120.0.0.0 Safari/537.36"
45.148.10.15 - - [05/Sep/2026:01:24:22 +0000] "POST /wp//wp-json/batch/v1 HTTP/1.1" 404 16 "-" "Mozilla/5.0 (Windows NT 10.0; Win64; x64) AppleWebKit/537.36 (KHTML, like Gecko) Chrome/120.0.0.0 Safari/537.36"
216.73.216.242 - - [05/Sep/2026:01:24:33 +0000] "GET /addgroup.php HTTP/1.1" 404 16 "-" "Mozilla/5.0 AppleWebKit/537.36 (KHTML, like Gecko; compatible; ClaudeBot/1.0; +claudebot@anthropic.com)"
45.148.10.15 - - [05/Sep/2026:01:24:34 +0000] "POST /wp/blog/wp-json/batch/v1 HTTP/1.1" 404 16 "-" "Mozilla/5.0 (Windows NT 10.0; Win64; x64) AppleWebKit/537.36 (KHTML, like Gecko) Chrome/120.0.0.0 Safari/537.36"
45.148.10.15 - - [05/Sep/2026:01:24:34 +0000] "POST /wp/wordpress/wp-json/batch/v1 HTTP/1.1" 404 16 "-" "Mozilla/5.0 (Windows NT 10.0; Win64; x64) AppleWebKit/537.36 (KHTML, like Gecko) Chrome/120.0.0.0 Safari/537.36"
45.148.10.15 - - [05/Sep/2026:01:24:34 +0000] "POST /wp/index.php?rest_route=/batch/v1 HTTP/1.1" 404 16 "https://techbala.ca/wp/wp-admin/" "Mozilla/5.0 (Windows NT 10.0; Win64; x64) AppleWebKit/537.36 (KHTML, like Gecko) Chrome/120.0.0.0 Safari/537.36"
45.148.10.15 - - [05/Sep/2026:01:24:35 +0000] "POST /wp/index.php?rest_route=%2Fbatch%2Fv1 HTTP/1.1" 404 16 "https://techbala.ca/wp/wp-admin/" "Mozilla/5.0 (Windows NT 10.0; Win64; x64) AppleWebKit/537.36 (KHTML, like Gecko) Chrome/120.0.0.0 Safari/537.36"
45.148.10.15 - - [05/Sep/2026:01:24:36 +0000] "POST /wp/?rest_route=%2Fbatch%2Fv1 HTTP/1.1" 404 16 "https://techbala.ca/wp/wp-admin/" "Mozilla/5.0 (Windows NT 10.0; Win64; x64) AppleWebKit/537.36 (KHTML, like Gecko) Chrome/120.0.0.0 Safari/537.36"
45.148.10.15 - - [05/Sep/2026:01:24:36 +0000] "POST /wp/?rest_route=/batch%2Fv1 HTTP/1.1" 404 16 "https://techbala.ca/wp/wp-admin/" "Mozilla/5.0 (Windows NT 10.0; Win64; x64) AppleWebKit/537.36 (KHTML, like Gecko) Chrome/120.0.0.0 Safari/537.36"
45.148.10.15 - - [05/Sep/2026:01:24:37 +0000] "POST /wp/?rest_route=/batch/v1 HTTP/1.1" 404 16 "https://techbala.ca/wp/wp-admin/" "Mozilla/5.0 (Windows NT 10.0; Win64; x64) AppleWebKit/537.36 (KHTML, like Gecko) Chrome/120.0.0.0 Safari/537.36"
45.148.10.15 - - [05/Sep/2026:01:24:38 +0000] "POST /wp/wp-json/batch/v1 HTTP/1.1" 404 16 "https://techbala.ca/wp/wp-admin/" "Mozilla/5.0 (Windows NT 10.0; Win64; x64) AppleWebKit/537.36 (KHTML, like Gecko) Chrome/120.0.0.0 Safari/537.36"
216.73.216.242 - - [05/Sep/2026:01:24:38 +0000] "GET /node_modules/http-deceiver/lib/ HTTP/1.1" 404 16 "-" "Mozilla/5.0 AppleWebKit/537.36 (KHTML, like Gecko; compatible; ClaudeBot/1.0; +claudebot@anthropic.com)"
45.148.10.15 - - [05/Sep/2026:01:24:38 +0000] "POST /wp/wp-json/Batch/v1 HTTP/1.1" 404 16 "https://techbala.ca/wp/wp-admin/" "Mozilla/5.0 (Windows NT 10.0; Win64; x64) AppleWebKit/537.36 (KHTML, like Gecko) Chrome/120.0.0.0 Safari/537.36"
45.148.10.15 - - [05/Sep/2026:01:24:38 +0000] "POST /wp//wp-json/batch/v1 HTTP/1.1" 404 16 "https://techbala.ca/wp/wp-admin/" "Mozilla/5.0 (Windows NT 10.0; Win64; x64) AppleWebKit/537.36 (KHTML, like Gecko) Chrome/120.0.0.0 Safari/537.36"
45.148.10.15 - - [05/Sep/2026:01:24:39 +0000] "POST /wp/wp-json/batch/v1/ HTTP/1.1" 404 16 "https://techbala.ca/wp/wp-admin/" "Mozilla/5.0 (Windows NT 10.0; Win64; x64) AppleWebKit/537.36 (KHTML, like Gecko) Chrome/120.0.0.0 Safari/537.36"
45.148.10.15 - - [05/Sep/2026:01:24:40 +0000] "POST /wp/blog/wp-json/batch/v1 HTTP/1.1" 404 16 "https://techbala.ca/wp/wp-admin/" "Mozilla/5.0 (Windows NT 10.0; Win64; x64) AppleWebKit/537.36 (KHTML, like Gecko) Chrome/120.0.0.0 Safari/537.36"
216.73.216.242 - - [05/Sep/2026:01:24:43 +0000] "GET /platform/plugins/paystack/src/ HTTP/1.1" 404 16 "-" "Mozilla/5.0 AppleWebKit/537.36 (KHTML, like Gecko; compatible; ClaudeBot/1.0; +claudebot@anthropic.com)"
45.148.10.15 - - [05/Sep/2026:01:24:45 +0000] "POST /wp/wordpress/wp-json/batch/v1 HTTP/1.1" 404 16 "https://techbala.ca/wp/wp-admin/" "Mozilla/5.0 (Windows NT 10.0; Win64; x64) AppleWebKit/537.36 (KHTML, like Gecko) Chrome/120.0.0.0 Safari/537.36"
45.148.10.15 - - [05/Sep/2026:01:24:48 +0000] "POST /wp/index.php?rest_route=/batch/v1 HTTP/1.1" 404 16 "https://techbala.ca/wp/wp-admin/" "Mozilla/5.0 (Windows NT 10.0; Win64; x64) AppleWebKit/537.36 (KHTML, like Gecko) Chrome/120.0.0.0 Safari/537.36"
216.73.216.242 - - [05/Sep/2026:01:24:48 +0000] "GET //%22https:/fr.wordpress.org/support/article/block-themes//%22 HTTP/1.1" 404 16 "-" "Mozilla/5.0 AppleWebKit/537.36 (KHTML, like Gecko; compatible; ClaudeBot/1.0; +claudebot@anthropic.com)"
45.148.10.15 - - [05/Sep/2026:01:24:48 +0000] "POST /wp/index.php?rest_route=%2Fbatch%2Fv1 HTTP/1.1" 404 16 "https://techbala.ca/wp/wp-admin/" "Mozilla/5.0 (Windows NT 10.0; Win64; x64) AppleWebKit/537.36 (KHTML, like Gecko) Chrome/120.0.0.0 Safari/537.36"
45.148.10.15 - - [05/Sep/2026:01:24:49 +0000] "POST /wp/?rest_route=%2Fbatch%2Fv1 HTTP/1.1" 404 16 "https://techbala.ca/wp/wp-admin/" "Mozilla/5.0 (Windows NT 10.0; Win64; x64) AppleWebKit/537.36 (KHTML, like Gecko) Chrome/120.0.0.0 Safari/537.36"
45.148.10.15 - - [05/Sep/2026:01:24:50 +0000] "POST /wp/?rest_route=/batch%2Fv1 HTTP/1.1" 404 16 "https://techbala.ca/wp/wp-admin/" "Mozilla/5.0 (Windows NT 10.0; Win64; x64) AppleWebKit/537.36 (KHTML, like Gecko) Chrome/120.0.0.0 Safari/537.36"
45.148.10.15 - - [05/Sep/2026:01:24:50 +0000] "POST /wp/?rest_route=/batch/v1 HTTP/1.1" 404 16 "https://techbala.ca/wp/wp-admin/" "Mozilla/5.0 (Windows NT 10.0; Win64; x64) AppleWebKit/537.36 (KHTML, like Gecko) Chrome/120.0.0.0 Safari/537.36"
45.148.10.15 - - [05/Sep/2026:01:24:50 +0000] "POST /wp/wp-json/batch/v1 HTTP/1.1" 404 16 "https://techbala.ca/wp/wp-admin/" "Mozilla/5.0 (Windows NT 10.0; Win64; x64) AppleWebKit/537.36 (KHTML, like Gecko) Chrome/120.0.0.0 Safari/537.36"
45.148.10.15 - - [05/Sep/2026:01:24:51 +0000] "POST /wp/wp-json/Batch/v1 HTTP/1.1" 404 16 "https://techbala.ca/wp/wp-admin/" "Mozilla/5.0 (Windows NT 10.0; Win64; x64) AppleWebKit/537.36 (KHTML, like Gecko) Chrome/120.0.0.0 Safari/537.36"
45.148.10.15 - - [05/Sep/2026:01:24:51 +0000] "POST /wp//wp-json/batch/v1 HTTP/1.1" 404 16 "https://techbala.ca/wp/wp-admin/" "Mozilla/5.0 (Windows NT 10.0; Win64; x64) AppleWebKit/537.36 (KHTML, like Gecko) Chrome/120.0.0.0 Safari/537.36"
45.148.10.15 - - [05/Sep/2026:01:24:51 +0000] "POST /wp/wp-json/batch/v1/ HTTP/1.1" 404 16 "https://techbala.ca/wp/wp-admin/" "Mozilla/5.0 (Windows NT 10.0; Win64; x64) AppleWebKit/537.36 (KHTML, like Gecko) Chrome/120.0.0.0 Safari/537.36"
45.148.10.15 - - [05/Sep/2026:01:24:51 +0000] "POST /wp/blog/wp-json/batch/v1 HTTP/1.1" 404 16 "https://techbala.ca/wp/wp-admin/" "Mozilla/5.0 (Windows NT 10.0; Win64; x64) AppleWebKit/537.36 (KHTML, like Gecko) Chrome/120.0.0.0 Safari/537.36"
45.148.10.15 - - [05/Sep/2026:01:24:51 +0000] "POST /wp/wordpress/wp-json/batch/v1 HTTP/1.1" 404 16 "https://techbala.ca/wp/wp-admin/" "Mozilla/5.0 (Windows NT 10.0; Win64; x64) AppleWebKit/537.36 (KHTML, like Gecko) Chrome/120.0.0.0 Safari/537.36"
45.148.10.15 - - [05/Sep/2026:01:24:51 +0000] "POST /wp/index.php?rest_route=/batch/v1 HTTP/1.1" 404 16 "https://techbala.ca/wp/wp-admin/" "Mozilla/5.0 (Windows NT 10.0; Win64; x64) AppleWebKit/537.36 (KHTML, like Gecko) Chrome/120.0.0.0 Safari/537.36"
45.148.10.15 - - [05/Sep/2026:01:24:52 +0000] "POST /wp/index.php?rest_route=%2Fbatch%2Fv1 HTTP/1.1" 404 16 "https://techbala.ca/wp/wp-admin/" "Mozilla/5.0 (Windows NT 10.0; Win64; x64) AppleWebKit/537.36 (KHTML, like Gecko) Chrome/120.0.0.0 Safari/537.36"
45.148.10.15 - - [05/Sep/2026:01:24:53 +0000] "POST /wp/?rest_route=%2Fbatch%2Fv1 HTTP/1.1" 404 16 "https://techbala.ca/wp/wp-admin/" "Mozilla/5.0 (Windows NT 10.0; Win64; x64) AppleWebKit/537.36 (KHTML, like Gecko) Chrome/120.0.0.0 Safari/537.36"
216.73.216.242 - - [05/Sep/2026:01:24:53 +0000] "GET /server_side.html HTTP/1.1" 404 16 "-" "Mozilla/5.0 AppleWebKit/537.36 (KHTML, like Gecko; compatible; ClaudeBot/1.0; +claudebot@anthropic.com)"
45.148.10.15 - - [05/Sep/2026:01:24:54 +0000] "POST /wp/?rest_route=/batch%2Fv1 HTTP/1.1" 404 16 "https://techbala.ca/wp/wp-admin/" "Mozilla/5.0 (Windows NT 10.0; Win64; x64) AppleWebKit/537.36 (KHTML, like Gecko) Chrome/120.0.0.0 Safari/537.36"
45.148.10.15 - - [05/Sep/2026:01:24:58 +0000] "POST /wp/?rest_route=/batch/v1 HTTP/1.1" 404 16 "https://techbala.ca/wp/wp-admin/" "Mozilla/5.0 (Windows NT 10.0; Win64; x64) AppleWebKit/537.36 (KHTML, like Gecko) Chrome/120.0.0.0 Safari/537.36"
45.148.10.15 - - [05/Sep/2026:01:24:58 +0000] "POST /wp/wp-json/batch/v1 HTTP/1.1" 404 16 "https://techbala.ca/wp/wp-admin/" "Mozilla/5.0 (Windows NT 10.0; Win64; x64) AppleWebKit/537.36 (KHTML, like Gecko) Chrome/120.0.0.0 Safari/537.36"
216.73.216.242 - - [05/Sep/2026:01:24:58 +0000] "GET /node_modules/postcss-ordered-values/types/lib/ HTTP/1.1" 404 16 "-" "Mozilla/5.0 AppleWebKit/537.36 (KHTML, like Gecko; compatible; ClaudeBot/1.0; +claudebot@anthropic.com)"
45.148.10.15 - - [05/Sep/2026:01:24:59 +0000] "POST /wp/wp-json/Batch/v1 HTTP/1.1" 404 16 "https://techbala.ca/wp/wp-admin/" "Mozilla/5.0 (Windows NT 10.0; Win64; x64) AppleWebKit/537.36 (KHTML, like Gecko) Chrome/120.0.0.0 Safari/537.36"
45.148.10.15 - - [05/Sep/2026:01:24:59 +0000] "POST /wp//wp-json/batch/v1 HTTP/1.1" 404 16 "https://techbala.ca/wp/wp-admin/" "Mozilla/5.0 (Windows NT 10.0; Win64; x64) AppleWebKit/537.36 (KHTML, like Gecko) Chrome/120.0.0.0 Safari/537.36"
216.73.216.242 - - [05/Sep/2026:01:25:03 +0000] "GET //%22https:/developer.wordpress.org/advanced-administration/server/web-server/nginx//%22 HTTP/1.1" 404 16 "-" "Mozilla/5.0 AppleWebKit/537.36 (KHTML, like Gecko; compatible; ClaudeBot/1.0; +claudebot@anthropic.com)"
45.148.10.15 - - [05/Sep/2026:01:25:04 +0000] "POST /wp/wp-json/batch/v1/ HTTP/1.1" 404 16 "https://techbala.ca/wp/wp-admin/" "Mozilla/5.0 (Windows NT 10.0; Win64; x64) AppleWebKit/537.36 (KHTML, like Gecko) Chrome/120.0.0.0 Safari/537.36"
45.148.10.15 - - [05/Sep/2026:01:25:05 +0000] "POST /wp/blog/wp-json/batch/v1 HTTP/1.1" 404 16 "https://techbala.ca/wp/wp-admin/" "Mozilla/5.0 (Windows NT 10.0; Win64; x64) AppleWebKit/537.36 (KHTML, like Gecko) Chrome/120.0.0.0 Safari/537.36"
45.148.10.15 - - [05/Sep/2026:01:25:06 +0000] "POST /wp/wordpress/wp-json/batch/v1 HTTP/1.1" 404 16 "https://techbala.ca/wp/wp-admin/" "Mozilla/5.0 (Windows NT 10.0; Win64; x64) AppleWebKit/537.36 (KHTML, like Gecko) Chrome/120.0.0.0 Safari/537.36"
216.73.216.242 - - [05/Sep/2026:01:25:08 +0000] "GET //%22https:/fr.wordpress.org/support/article/settings-permalinks-screen//%22 HTTP/1.1" 404 16 "-" "Mozilla/5.0 AppleWebKit/537.36 (KHTML, like Gecko; compatible; ClaudeBot/1.0; +claudebot@anthropic.com)"
45.148.10.15 - - [05/Sep/2026:01:25:09 +0000] "POST /wp/index.php?rest_route=/batch/v1 HTTP/1.1" 404 16 "https://techbala.ca/wp/wp-admin/" "Mozilla/5.0 (Windows NT 10.0; Win64; x64) AppleWebKit/537.36 (KHTML, like Gecko) Chrome/120.0.0.0 Safari/537.36"
216.73.216.242 - - [05/Sep/2026:01:25:13 +0000] "GET /node_modules/events/ HTTP/1.1" 404 16 "-" "Mozilla/5.0 AppleWebKit/537.36 (KHTML, like Gecko; compatible; ClaudeBot/1.0; +claudebot@anthropic.com)"
216.73.216.242 - - [05/Sep/2026:01:25:18 +0000] "GET /node_modules/webpack-dev-server/types/lib/ HTTP/1.1" 404 16 "-" "Mozilla/5.0 AppleWebKit/537.36 (KHTML, like Gecko; compatible; ClaudeBot/1.0; +claudebot@anthropic.com)"
45.148.10.15 - - [05/Sep/2026:01:25:20 +0000] "POST /wp/index.php?rest_route=%2Fbatch%2Fv1 HTTP/1.1" 404 16 "https://techbala.ca/wp/wp-admin/" "Mozilla/5.0 (Windows NT 10.0; Win64; x64) AppleWebKit/537.36 (KHTML, like Gecko) Chrome/120.0.0.0 Safari/537.36"
45.148.10.15 - - [05/Sep/2026:01:25:21 +0000] "POST /wp/?rest_route=%2Fbatch%2Fv1 HTTP/1.1" 404 16 "https://techbala.ca/wp/wp-admin/" "Mozilla/5.0 (Windows NT 10.0; Win64; x64) AppleWebKit/537.36 (KHTML, like Gecko) Chrome/120.0.0.0 Safari/537.36"
45.148.10.15 - - [05/Sep/2026:01:25:22 +0000] "POST /wp/?rest_route=/batch%2Fv1 HTTP/1.1" 404 16 "https://techbala.ca/wp/wp-admin/" "Mozilla/5.0 (Windows NT 10.0; Win64; x64) AppleWebKit/537.36 (KHTML, like Gecko) Chrome/120.0.0.0 Safari/537.36"
45.148.10.15 - - [05/Sep/2026:01:25:22 +0000] "POST /wp/?rest_route=/batch/v1 HTTP/1.1" 404 16 "https://techbala.ca/wp/wp-admin/" "Mozilla/5.0 (Windows NT 10.0; Win64; x64) AppleWebKit/537.36 (KHTML, like Gecko) Chrome/120.0.0.0 Safari/537.36"
45.148.10.15 - - [05/Sep/2026:01:25:22 +0000] "POST /wp/wp-json/batch/v1 HTTP/1.1" 404 16 "https://techbala.ca/wp/wp-admin/" "Mozilla/5.0 (Windows NT 10.0; Win64; x64) AppleWebKit/537.36 (KHTML, like Gecko) Chrome/120.0.0.0 Safari/537.36"
45.148.10.15 - - [05/Sep/2026:01:25:22 +0000] "POST /wp/wp-json/Batch/v1 HTTP/1.1" 404 16 "https://techbala.ca/wp/wp-admin/" "Mozilla/5.0 (Windows NT 10.0; Win64; x64) AppleWebKit/537.36 (KHTML, like Gecko) Chrome/120.0.0.0 Safari/537.36"
45.148.10.15 - - [05/Sep/2026:01:25:22 +0000] "POST /wp//wp-json/batch/v1 HTTP/1.1" 404 16 "https://techbala.ca/wp/wp-admin/" "Mozilla/5.0 (Windows NT 10.0; Win64; x64) AppleWebKit/537.36 (KHTML, like Gecko) Chrome/120.0.0.0 Safari/537.36"
45.148.10.15 - - [05/Sep/2026:01:25:22 +0000] "POST /wp/wp-json/batch/v1/ HTTP/1.1" 404 16 "https://techbala.ca/wp/wp-admin/" "Mozilla/5.0 (Windows NT 10.0; Win64; x64) AppleWebKit/537.36 (KHTML, like Gecko) Chrome/120.0.0.0 Safari/537.36"
45.148.10.15 - - [05/Sep/2026:01:25:22 +0000] "POST /wp/blog/wp-json/batch/v1 HTTP/1.1" 404 16 "https://techbala.ca/wp/wp-admin/" "Mozilla/5.0 (Windows NT 10.0; Win64; x64) AppleWebKit/537.36 (KHTML, like Gecko) Chrome/120.0.0.0 Safari/537.36"
45.148.10.15 - - [05/Sep/2026:01:25:22 +0000] "POST /wp/wordpress/wp-json/batch/v1 HTTP/1.1" 404 16 "https://techbala.ca/wp/wp-admin/" "Mozilla/5.0 (Windows NT 10.0; Win64; x64) AppleWebKit/537.36 (KHTML, like Gecko) Chrome/120.0.0.0 Safari/537.36"
45.148.10.15 - - [05/Sep/2026:01:25:22 +0000] "POST /wp/index.php?rest_route=/batch/v1 HTTP/1.1" 404 16 "https://techbala.ca/wp/wp-admin/" "Mozilla/5.0 (Windows NT 10.0; Win64; x64) AppleWebKit/537.36 (KHTML, like Gecko) Chrome/120.0.0.0 Safari/537.36"
